{"id":333,"date":"2015-12-26T17:15:54","date_gmt":"2015-12-26T16:15:54","guid":{"rendered":"https:\/\/ste-therese-doulon.fr\/?page_id=333"},"modified":"2025-09-01T15:58:51","modified_gmt":"2025-09-01T13:58:51","slug":"dates-des-vacances-scolaires-2015-2016","status":"publish","type":"page","link":"https:\/\/ste-therese-doulon.fr\/?page_id=333","title":{"rendered":"Dates des vacances scolaires  2025 \/ 2026"},"content":{"rendered":"<p><span style=\"color: #993300;\"><strong>Vacances de la Toussaint :&nbsp;&nbsp;<\/strong><\/span><\/p>\n<p>Du vendredi 19 octobre au soir au lundi 3 novembre au matin<\/p>\n<p><span style=\"color: #ff0000;\"><strong>Vacances de No\u00ebl :&nbsp;<\/strong><\/span><\/p>\n<p>Du vendredi 19 d\u00e9cembre au soir&nbsp;&nbsp;au lundi 5 janvier au matin<\/p>\n<p><span style=\"color: #808000;\"><strong>Vacances d&#8217;hiver :&nbsp;<\/strong><\/span><\/p>\n<p>Du vendredi 14 f\u00e9vrier au soir au lundi 2 mars au matin<\/p>\n<p><span style=\"color: #99cc00;\"><strong>Vacances de printemps :&nbsp;<\/strong><\/span><\/p>\n<p>Du vendredi 10 avril au soir au lundi 27 avril au matin<\/p>\n<p><span style=\"color: #ff6600;\"><strong>Vacances d&#8217;\u00e9t\u00e9 : &nbsp;<\/strong><\/span><\/p>\n<p>Jeudi 2 juillet au soir<\/p>\n<p><strong>Journ\u00e9e p\u00e9dagogique (pas d&#8217;\u00e9cole)<\/strong><\/p>\n<p>Lundi 10 novembre<\/p>\n<p><strong>Pont (pas d&#8217;\u00e9cole)<\/strong><\/p>\n<p>Vendredi 15 mai (Ascension)<\/p>\n","protected":false},"excerpt":{"rendered":"<p>Vacances de la Toussaint :&nbsp;&nbsp; Du vendredi 19 octobre au soir au lundi 3 novembre au matin Vacances de No\u00ebl :&nbsp; Du vendredi 19 d\u00e9cembre au soir&nbsp;&nbsp;au lundi 5 janvier au matin Vacances d&#8217;hiver :&nbsp; Du vendredi 14 f\u00e9vrier au soir au lundi 2 mars au matin Vacances de printemps :&nbsp; Du vendredi 10 avril<\/p>\n<p><a href=\"https:\/\/ste-therese-doulon.fr\/?page_id=333\" class=\"more-link themebutton\">Lire la suite<\/a><\/p>\n","protected":false},"author":1,"featured_media":0,"parent":0,"menu_order":0,"comment_status":"closed","ping_status":"closed","template":"","meta":{"ngg_post_thumbnail":0,"footnotes":""},"class_list":["post-333","page","type-page","status-publish","hentry"],"_links":{"self":[{"href":"https:\/\/ste-therese-doulon.fr\/index.php?rest_route=\/wp\/v2\/pages\/333","targetHints":{"allow":["GET"]}}],"collection":[{"href":"https:\/\/ste-therese-doulon.fr\/index.php?rest_route=\/wp\/v2\/pages"}],"about":[{"href":"https:\/\/ste-therese-doulon.fr\/index.php?rest_route=\/wp\/v2\/types\/page"}],"author":[{"embeddable":true,"href":"https:\/\/ste-therese-doulon.fr\/index.php?rest_route=\/wp\/v2\/users\/1"}],"replies":[{"embeddable":true,"href":"https:\/\/ste-therese-doulon.fr\/index.php?rest_route=%2Fwp%2Fv2%2Fcomments&post=333"}],"version-history":[{"count":14,"href":"https:\/\/ste-therese-doulon.fr\/index.php?rest_route=\/wp\/v2\/pages\/333\/revisions"}],"predecessor-version":[{"id":22362,"href":"https:\/\/ste-therese-doulon.fr\/index.php?rest_route=\/wp\/v2\/pages\/333\/revisions\/22362"}],"wp:attachment":[{"href":"https:\/\/ste-therese-doulon.fr\/index.php?rest_route=%2Fwp%2Fv2%2Fmedia&parent=333"}],"curies":[{"name":"wp","href":"https:\/\/api.w.org\/{rel}","templated":true}]}}